{"id":322,"date":"2023-02-12T21:56:19","date_gmt":"2023-02-12T20:56:19","guid":{"rendered":"https:\/\/beta.apelsophiebarat.net\/?page_id=322"},"modified":"2025-11-18T23:58:14","modified_gmt":"2025-11-18T22:58:14","slug":"ebs-documentation","status":"publish","type":"page","link":"https:\/\/www.apelsophiebarat.net\/index.php\/kermesse\/enfants-a-besoins-specifiques\/ebs-documentation\/","title":{"rendered":"Enfants \u00e0 besoin sp\u00e9cifiques &#8211; Documentation"},"content":{"rendered":"<p>[et_pb_section fb_built=\u00a0\u00bb1&Prime; _builder_version=\u00a0\u00bb4.20.2&Prime; _module_preset=\u00a0\u00bbdefault\u00a0\u00bb max_width=\u00a0\u00bb100%\u00a0\u00bb custom_margin=\u00a0\u00bb0px||-3px||false|false\u00a0\u00bb custom_padding=\u00a0\u00bb102px||0px||false|false\u00a0\u00bb top_divider_style=\u00a0\u00bbcurve2&Prime; top_divider_color=\u00a0\u00bb#00506d\u00a0\u00bb top_divider_height=\u00a0\u00bb68px\u00a0\u00bb top_divider_repeat=\u00a0\u00bb1x\u00a0\u00bb top_divider_arrangement=\u00a0\u00bbabove_content\u00a0\u00bb bottom_divider_style=\u00a0\u00bbwave2&Prime; bottom_divider_color=\u00a0\u00bb#00506d\u00a0\u00bb bottom_divider_flip=\u00a0\u00bbhorizontal\u00a0\u00bb global_colors_info=\u00a0\u00bb{}\u00a0\u00bb][et_pb_row _builder_version=\u00a0\u00bb4.19.2&Prime; _module_preset=\u00a0\u00bbdefault\u00a0\u00bb global_colors_info=\u00a0\u00bb{}\u00a0\u00bb][et_pb_column type=\u00a0\u00bb4_4&Prime; _builder_version=\u00a0\u00bb4.19.2&Prime; _module_preset=\u00a0\u00bbdefault\u00a0\u00bb global_colors_info=\u00a0\u00bb{}\u00a0\u00bb][et_pb_text _builder_version=\u00a0\u00bb4.19.5&Prime; _module_preset=\u00a0\u00bbdefault\u00a0\u00bb header_5_text_align=\u00a0\u00bbcenter\u00a0\u00bb header_5_text_color=\u00a0\u00bb#c55f0d\u00a0\u00bb header_5_font_size=\u00a0\u00bb20px\u00a0\u00bb custom_padding=\u00a0\u00bb0px|||||\u00a0\u00bb border_width_bottom=\u00a0\u00bb1px\u00a0\u00bb global_colors_info=\u00a0\u00bb{}\u00a0\u00bb]<\/p>\n<h5>DOCUMENTATION<\/h5>\n<p>[\/et_pb_text][\/et_pb_column][\/et_pb_row][et_pb_row _builder_version=\u00a0\u00bb4.20.2&Prime; _module_preset=\u00a0\u00bbdefault\u00a0\u00bb global_colors_info=\u00a0\u00bb{}\u00a0\u00bb][et_pb_column type=\u00a0\u00bb4_4&Prime; _builder_version=\u00a0\u00bb4.20.2&Prime; _module_preset=\u00a0\u00bbdefault\u00a0\u00bb global_colors_info=\u00a0\u00bb{}\u00a0\u00bb][et_pb_text _builder_version=\u00a0\u00bb4.20.2&Prime; _module_preset=\u00a0\u00bbdefault\u00a0\u00bb text_font_size=\u00a0\u00bb20px\u00a0\u00bb text_letter_spacing=\u00a0\u00bb1px\u00a0\u00bb global_colors_info=\u00a0\u00bb{}\u00a0\u00bb]<\/p>\n<p>Sans pr\u00e9tendre se substituer aux professionnels qui seuls peuvent r\u00e9ellement orienter les parents (m\u00e9decins, psychologues scolaires, enseignants, orthophonistes, orthoptistes etc.), les membres de la commission \u00ab Enfants \u00e0 besoins sp\u00e9cifiques \u00bb et les parents du groupe de parole ont \u00e9labor\u00e9<strong>\u00a0une bibliographie pr\u00e9sentant des ouvrages, sites ou associations utiles\u00a0<\/strong>que nous sommes heureux de partager avec vous.<\/p>\n<p>Des familles ayant \u00e9t\u00e9 confront\u00e9es \u00e0 ces probl\u00e8mes peuvent \u00e9galement vous donner des pistes, des adresses ou vous faire part de leur exp\u00e9rience. N\u2019h\u00e9sitez donc pas \u00e0 nous contacter pour demander des renseignements ou pour enrichir notre fichier-ressources.<\/p>\n<p>[\/et_pb_text][et_pb_accordion _builder_version=\u00a0\u00bb4.21.0&Prime; _module_preset=\u00a0\u00bbdefault\u00a0\u00bb hover_enabled=\u00a0\u00bb0&Prime; global_colors_info=\u00a0\u00bb{}\u00a0\u00bb sticky_enabled=\u00a0\u00bb0&Prime;][et_pb_accordion_item title=\u00a0\u00bbTDAH\u00a0\u00bb open=\u00a0\u00bbon\u00a0\u00bb _builder_version=\u00a0\u00bb4.21.0&Prime; _module_preset=\u00a0\u00bbdefault\u00a0\u00bb hover_enabled=\u00a0\u00bb0&Prime; global_colors_info=\u00a0\u00bb{}\u00a0\u00bb sticky_enabled=\u00a0\u00bb0&Prime;]<\/p>\n<p><span style=\"font-weight: 400;\">\u2013 <strong>Livre<\/strong> pour les enfants : <\/span><i><span style=\"font-weight: 400;\">Mon cerveau a besoin de lunettes. Vivre avec l\u2019hyperactivit\u00e9<\/span><\/i><span style=\"font-weight: 400;\">,\u00a0 Dr Annick Vincent, Qu\u00e9bec Livres, 2014. 15,90 euros.<\/span><\/p>\n<p><span style=\"font-weight: 400;\">\u2013 <strong>Livres<\/strong> pour les ados et adultes atteints d&rsquo;hyperactivit\u00e9 :<\/span><\/p>\n<p><i><span style=\"font-weight: 400;\">L\u2019adolescent hyperactif<\/span><\/i><span style=\"font-weight: 400;\">, MF Le Heuzey, Odile Jacob.<\/span><\/p>\n<p><i><span style=\"font-weight: 400;\">Mon cerveau a encore besoin de lunettes<\/span><\/i><span style=\"font-weight: 400;\">. <\/span><i><span style=\"font-weight: 400;\">Le TDAH chez l\u2019adulte, <\/span><\/i><span style=\"font-weight: 400;\">Dr Annick Vincent., Qu\u00e9bec Livres, 2014. 19,10 euros<\/span><\/p>\n<p><span style=\"font-weight: 400;\">\u2013 <strong>Association<\/strong><span><strong>\u00a0HyperSupers France :\u00a0<\/strong><\/span><a rel=\"nofollow\" class=\"ydped69f84enhancr_card_4966868051\" href=\"https:\/\/www.tdah-france.fr\/\" title=\"https:\/\/www.tdah-france.fr\/\">HyperSupers &#8211; TDAH France &#8211; Votre d\u00e9ficit d\u2019attention, votre hyperactivit\u00e9, m\u00e9ritent notre attention<\/a><\/span><\/p>\n<p><span style=\"font-weight: 400;\">\u2013 <span><strong>Documentaire TDAH interactif<\/strong> :\u00a0<\/span><\/span><em><a rel=\"nofollow\" class=\"ydped69f84enhancr_card_5513428942\" href=\"https:\/\/www.plongezennostroubles.com\/\" title=\"https:\/\/www.plongezennostroubles.com\/\">Webdocumentaire \u00ab\u00a0Plongez en nos troubles\u00a0\u00bb TDAH \u00e9cole<\/a>\u00a0<\/em><em>\u00ab\u00a0Le Trouble D\u00e9ficit de l\u2019Attention avec ou sans Hyperactivit\u00e9, les enfants en parlent\u00a0\u00bb\u00a0<\/em><\/p>\n<h1 id=\"logo_site_spip\" class=\"crayon meta-valeur-nom_site \"><\/h1>\n<p>[\/et_pb_accordion_item][et_pb_accordion_item title=\u00a0\u00bbDYSPRAXIE\u00a0\u00bb _builder_version=\u00a0\u00bb4.20.2&Prime; _module_preset=\u00a0\u00bbdefault\u00a0\u00bb global_colors_info=\u00a0\u00bb{}\u00a0\u00bb open=\u00a0\u00bboff\u00a0\u00bb]<\/p>\n<ul>\n<li><span style=\"font-weight: 400;\"><strong>Dossier<\/strong> : Dyspraxie, du diagnostic \u00e0 l\u2019emploi &#8211;\u00a0<\/span><a href=\"http:\/\/issuu.com\/ladapt\/docs\/ladapt_cahiersladapt_36pdis-bat\"><span style=\"font-weight: 400;\">http:\/\/issuu.com\/ladapt\/docs\/ladapt_cahiersladapt_36pdis-bat<\/span><\/a><\/li>\n<li><span style=\"font-weight: 400;\"><strong>Livre<\/strong> : <\/span><i><span style=\"font-weight: 400;\">L\u2019enfant dyspraxique. Mieux l\u2019aider, \u00e0 la maison et \u00e0 l\u2019\u00e9cole<\/span><\/i><span style=\"font-weight: 400;\">, du Dr Caroline Huron, Odile Jacob, 2011. <\/span>22,25 euros.<\/li>\n<\/ul>\n<blockquote>\n<p>C. Huron est la maman de Manon, dyspraxique, qui a cr\u00e9\u00e9 le site : le cartable fantastique de Manon.<\/p>\n<\/blockquote>\n<ul>\n<li><span><strong>Site Internet<\/strong> : le cartable fantastique &#8211; <\/span><a href=\"https:\/\/www.cartablefantastique.fr\/\"><span>https:\/\/www.cartablefantastique.fr\/<\/span><\/a><span><\/span><\/li>\n<\/ul>\n<blockquote>\n<p><span style=\"font-weight: 400;\"><span>Nous vous recommandons<\/span><span>\u00a0\u00ab\u00a0Manon du CP \u00e0 la 3e\u00a0\u00bb :\u00a0<\/span><a href=\"https:\/\/www.cartablefantastique.fr\/lecons-exercices-evaluations-2\/acces-aux-ressources\/\"><span>https:\/\/www.cartablefantastique.fr\/lecons-exercices-evaluations-2\/acces-aux-ressources\/<\/span><\/a>\u2013 <\/span><\/p>\n<\/blockquote>\n<ul>\n<li><span style=\"font-weight: 400;\"><strong>Association DFD<\/strong> : dyspraxie France Dys : <\/span><a href=\"http:\/\/www.dyspraxies.fr\/\"><span style=\"font-weight: 400;\">www.dyspraxies.fr<\/span><\/a><\/li>\n<li><span style=\"font-weight: 400;\"><strong>Association DMF<\/strong> Dyspraxique mais Fantastique : <\/span><a href=\"http:\/\/www.dyspraxie.info\/\"><span style=\"font-weight: 400;\">www.dyspraxie.info<\/span><\/a><\/li>\n<li><span style=\"font-weight: 400;\"><strong>Pr\u00e9sentation powerpoint<\/strong>\u00a0 d&rsquo;un enfant qui explique sa dyspraxie \u00e0 ses camarades :\u00a0<\/span><a href=\"http:\/\/differenfance.over-blog.com\/2014\/03\/je-m-appelle-timothee-et-je-suis-dyspraxique.html\"><span>http:\/\/differenfance.over-blog.com\/2014\/03\/je-m-appelle-timothee-et-je-suis-dyspraxique.html<\/span><\/a><\/li>\n<\/ul>\n<p>[\/et_pb_accordion_item][et_pb_accordion_item title=\u00a0\u00bbDYSLEXIE\u00a0\u00bb _builder_version=\u00a0\u00bb4.20.2&Prime; _module_preset=\u00a0\u00bbdefault\u00a0\u00bb global_colors_info=\u00a0\u00bb{}\u00a0\u00bb open=\u00a0\u00bboff\u00a0\u00bb]<\/p>\n<ul>\n<li><strong>Livre<\/strong><i><span style=\"font-weight: 400;\"> : Dys \/ 10. Le parcours de mon enfant dyslexique, de Odile Ogier, Jacques Andr\u00e9 \u00e9diteur, 2009. 15 euros<\/span><\/i><\/li>\n<li><strong>Association<\/strong><i><span style=\"font-weight: 400;\"> :<\/span><\/i> <a href=\"http:\/\/www.apedys.org\/\"><i><span style=\"font-weight: 400;\">www.apedys.org<\/span><\/i><\/a><\/li>\n<\/ul>\n<p>[\/et_pb_accordion_item][et_pb_accordion_item title=\u00a0\u00bbDYSORTHOGRAPHIE\u00a0\u00bb _builder_version=\u00a0\u00bb4.20.2&Prime; _module_preset=\u00a0\u00bbdefault\u00a0\u00bb global_colors_info=\u00a0\u00bb{}\u00a0\u00bb open=\u00a0\u00bboff\u00a0\u00bb]<\/p>\n<ul>\n<li><strong>Livre : <\/strong><i><span style=\"font-weight: 400;\">La revanche des nuls en orthographe<\/span><\/i><span style=\"font-weight: 400;\">, de Anne-Marie Gaignard, Calman-L\u00e9vy, 2012. 16,90 euros<\/span><\/li>\n<\/ul>\n<p>[\/et_pb_accordion_item][et_pb_accordion_item title=\u00a0\u00bbDYSPHASIE\u00a0\u00bb _builder_version=\u00a0\u00bb4.20.2&Prime; _module_preset=\u00a0\u00bbdefault\u00a0\u00bb global_colors_info=\u00a0\u00bb{}\u00a0\u00bb open=\u00a0\u00bboff\u00a0\u00bb]<\/p>\n<ul>\n<li><strong>Site Internet :<\/strong><a href=\"http:\/\/www.dysphasie.org\"><span style=\"font-weight: 400;\"> www.dysphasie.org <\/span><\/a><\/li>\n<li><strong>Site Internet :<\/strong>\u00a0<a href=\"https:\/\/coridys.fr\/\u00a0\" target=\"_blank\" rel=\"noopener\">https:\/\/coridys.fr\/\u00a0<\/a><\/li>\n<\/ul>\n<p>[\/et_pb_accordion_item][et_pb_accordion_item title=\u00a0\u00bbPR\u00c9COCIT\u00c9\u00a0\u00bb _builder_version=\u00a0\u00bb4.20.2&Prime; _module_preset=\u00a0\u00bbdefault\u00a0\u00bb global_colors_info=\u00a0\u00bb{}\u00a0\u00bb open=\u00a0\u00bboff\u00a0\u00bb]<\/p>\n<p><span style=\"font-weight: 400;\">EIP (<span>\u00c9<\/span>l\u00e8ve Intellectuellement Pr\u00e9coce) :<\/span><\/p>\n<p><span style=\"font-weight: 400;\">Association AFEP : Association Fran\u00e7aise des Enfants Pr\u00e9coces. <\/span><a href=\"http:\/\/www.afep.asso.fr\/\"><span style=\"font-weight: 400;\">www.<\/span>afep<span style=\"font-weight: 400;\">.asso.fr<\/span><\/a><\/p>\n<p><span style=\"font-weight: 400;\">Newsletter de l\u2019ANPEIP : <\/span><a href=\"http:\/\/www.anpeip.org\/\"><span style=\"font-weight: 400;\">www.anpeip.org<\/span><\/a><\/p>\n<p>[\/et_pb_accordion_item][et_pb_accordion_item title=\u00a0\u00bbAUTISME\u00a0\u00bb _builder_version=\u00a0\u00bb4.20.2&Prime; _module_preset=\u00a0\u00bbdefault\u00a0\u00bb global_colors_info=\u00a0\u00bb{}\u00a0\u00bb open=\u00a0\u00bboff\u00a0\u00bb]<\/p>\n<p><span style=\"font-weight: 400;\">Association Autisme France : <\/span><a href=\"http:\/\/www.autisme-france.fr\/autisme-france\"><span style=\"font-weight: 400;\">http:\/\/www.autisme-france.fr\/autisme-france<\/span><\/a><span style=\"font-weight: 400;\">.<\/span><\/p>\n<p>[\/et_pb_accordion_item][et_pb_accordion_item title=\u00a0\u00bbSURDIT\u00c9\u00a0\u00bb _builder_version=\u00a0\u00bb4.20.2&Prime; _module_preset=\u00a0\u00bbdefault\u00a0\u00bb global_colors_info=\u00a0\u00bb{}\u00a0\u00bb open=\u00a0\u00bboff\u00a0\u00bb]<\/p>\n<p><span style=\"font-weight: 400;\">\u2013 Publication en ligne :<\/span><i><span style=\"font-weight: 400;\"> C\u2019est quoi la surdit\u00e9<\/span><\/i><span style=\"font-weight: 400;\"> ACFOS (Action Connaissance Formation pour la Surdit\u00e9) : http:\/\/www.acfos.org\/publication\/autresp\/cestquoilasurdite.pdf<\/span><\/p>\n<p><span style=\"font-weight: 400;\">\u2013 Publication en ligne <\/span><i><span style=\"font-weight: 400;\">La surdit\u00e9 de l\u2019enfant. Livre blanc<\/span><\/i><span style=\"font-weight: 400;\"> ACFOS<\/span><\/p>\n<p><span style=\"font-weight: 400;\">\u2013 Site : <\/span><i><span style=\"font-weight: 400;\">www.inpes.sante.fr<\/span><\/i><\/p>\n<p><span style=\"font-weight: 400;\">\u2013 Association Langage Parl\u00e9 Compl\u00e9t\u00e9<\/span><a href=\"http:\/\/www.alpc.asso.fr\"> <span style=\"font-weight: 400;\">www.alpc.asso.fr<\/span><\/a><\/p>\n<p>[\/et_pb_accordion_item][et_pb_accordion_item title=\u00a0\u00bb\u00c9CHEC SCOLAIRE\u00a0\u00bb _builder_version=\u00a0\u00bb4.20.2&Prime; _module_preset=\u00a0\u00bbdefault\u00a0\u00bb global_colors_info=\u00a0\u00bb{}\u00a0\u00bb open=\u00a0\u00bboff\u00a0\u00bb]<\/p>\n<p><span style=\"font-weight: 400;\">\u2013 Livre :<\/span> <i><span style=\"font-weight: 400;\">M\u00eame pas grave<\/span><\/i><b><i> !<\/i><\/b><i><span style=\"font-weight: 400;\"> L\u2019\u00e9chec scolaire, \u00e7a se soigne<\/span><\/i><span style=\"font-weight: 400;\">, Olivier Revol , Latt\u00e8s<\/span><b>,\u00a0 <\/b><span style=\"font-weight: 400;\">2006. 17, 30 euros.<\/span><\/p>\n<p><span style=\"font-weight: 400;\">Olivier Revol, p\u00e9dopsychiatre,<\/span> <span style=\"font-weight: 400;\">dirige un service de neuropsychiatrie de l\u2019enfant \u00e0 l\u2019H\u00f4pital neurologique au CHU de Lyon.<\/span><\/p>\n<p>[\/et_pb_accordion_item][\/et_pb_accordion][\/et_pb_column][\/et_pb_row][et_pb_row _builder_version=\u00a0\u00bb4.20.2&Prime; _module_preset=\u00a0\u00bbdefault\u00a0\u00bb global_colors_info=\u00a0\u00bb{}\u00a0\u00bb][et_pb_column type=\u00a0\u00bb4_4&Prime; _builder_version=\u00a0\u00bb4.20.2&Prime; _module_preset=\u00a0\u00bbdefault\u00a0\u00bb global_colors_info=\u00a0\u00bb{}\u00a0\u00bb][\/et_pb_column][\/et_pb_row][\/et_pb_section]<\/p>\n","protected":false},"excerpt":{"rendered":"<p>DOCUMENTATIONSans pr\u00e9tendre se substituer aux professionnels qui seuls peuvent r\u00e9ellement orienter les parents (m\u00e9decins, psychologues scolaires, enseignants, orthophonistes, orthoptistes etc.), les membres de la commission \u00ab Enfants \u00e0 besoins sp\u00e9cifiques \u00bb et les parents du groupe de parole ont \u00e9labor\u00e9\u00a0une bibliographie pr\u00e9sentant des ouvrages, sites ou associations utiles\u00a0que nous sommes heureux de partager avec vous. [&hellip;]<\/p>\n","protected":false},"author":1,"featured_media":0,"parent":573,"menu_order":3,"comment_status":"closed","ping_status":"closed","template":"","meta":{"_et_pb_use_builder":"on","_et_pb_old_content":"","_et_gb_content_width":"","footnotes":""},"class_list":["post-322","page","type-page","status-publish","hentry"],"_links":{"self":[{"href":"https:\/\/www.apelsophiebarat.net\/index.php\/wp-json\/wp\/v2\/pages\/322","targetHints":{"allow":["GET"]}}],"collection":[{"href":"https:\/\/www.apelsophiebarat.net\/index.php\/wp-json\/wp\/v2\/pages"}],"about":[{"href":"https:\/\/www.apelsophiebarat.net\/index.php\/wp-json\/wp\/v2\/types\/page"}],"author":[{"embeddable":true,"href":"https:\/\/www.apelsophiebarat.net\/index.php\/wp-json\/wp\/v2\/users\/1"}],"replies":[{"embeddable":true,"href":"https:\/\/www.apelsophiebarat.net\/index.php\/wp-json\/wp\/v2\/comments?post=322"}],"version-history":[{"count":10,"href":"https:\/\/www.apelsophiebarat.net\/index.php\/wp-json\/wp\/v2\/pages\/322\/revisions"}],"predecessor-version":[{"id":1306,"href":"https:\/\/www.apelsophiebarat.net\/index.php\/wp-json\/wp\/v2\/pages\/322\/revisions\/1306"}],"up":[{"embeddable":true,"href":"https:\/\/www.apelsophiebarat.net\/index.php\/wp-json\/wp\/v2\/pages\/573"}],"wp:attachment":[{"href":"https:\/\/www.apelsophiebarat.net\/index.php\/wp-json\/wp\/v2\/media?parent=322"}],"curies":[{"name":"wp","href":"https:\/\/api.w.org\/{rel}","templated":true}]}}